f 35836845?
6
What is the tens digit of 99140200?
0
What is the ten thousands digit of 241644411?
4
What is the ten millions digit of 2665524220?
6
What is the ten thousands digit of 2228443923?
4
What is the thousands digit of 1818694393?
4
What is the ten thousands digit of 213448168?
4
What is the billions digit of 2032405383?
2
What is the millions digit of 41798318?
1
What is the hundred thousands digit of 1674994904?
9
What is the hundred millions digit of 1943930523?
9
What is the millions digit of 1142234828?
2
What is the hundred thousands digit of 113001297?
0
What is the hundred thousands digit of 1237358113?
3
What is the hundreds digit of 678382781?
7
What is the units digit of 956354093?
3
What is the ten thousands digit of 291625260?
2
What is the hundreds digit of 397391311?
3
What is the hundred thousands digit of 50658616?
6
What is the ten millions digit of 53278379?
5
What is the hundred thousands digit of 473236506?
2
What is the millions digit of 4993627?
4
What is the hundred millions digit of 2809610370?
8
What is the millions digit of 149674049?
9
What is the ten thousands digit of 5938469876?
6
What is the ten millions digit of 578775014?
7
What is the hundred thousands digit of 1093448413?
4
What is the millions digit of 485906905?
5
What is the hundreds digit of 57287008?
0
What is the hundreds digit of 320319095?
0
What is the hundreds digit of 638398858?
8
What is the tens digit of 1253505505?
0
What is the tens digit of 32413498?
9
What is the thousands digit of 1413394714?
4
What is the millions digit of 79878879?
9
What is the hundred thousands digit of 5084935144?
9
What is the billions digit of 2389078894?
2
What is the thousands digit of 54564493?
4
What is the thousands digit of 3563435558?
5
What is the ten thousands digit of 145157160?
5
What is the billions digit of 4563266681?
4
What is the ten millions digit of 95526393?
9
What is the units digit of 196147418?
8
What is the ten millions digit of 20355860?
2
What is the millions digit of 2399041510?
9
What is the hundreds digit of 94186727?
7
What is the hundred millions digit of 186878299?
1
What is the units digit of 1300245032?
2
What is the hundred millions digit of 113356922?
1
What is the tens digit of 52161645?
4
What is the thousands digit of 123300326?
0
What is the units digit of 61170118?
8
What is the units digit of 513304359?
9
What is the millions digit of 110546814?
0
What is the millions digit of 118913751?
8
What is the thousands digit of 45146397?
6
What is the millions digit of 836842055?
6
What is the hundred thousands digit of 1019507442?
5
What is the ten millions digit of 794481842?
9
What is the units digit of 420756871?
1
What is the thousands digit of 473499838?
9
What is the ten millions digit of 122513981?
2
What is the hundred millions digit of 118682307?
1
What is the units digit of 915118400?
0
What is the units digit of 137710711?
1
What is the units digit of 237686701?
1
What is the tens digit of 106192004?
0
What is the hundred thousands digit of 337215499?
2
What is the millions digit of 103447404?
3
What is the hundred thousands digit of 201971178?
9
What is the millions digit of 371047970?
1
What is the ten thousands digit of 146652192?
5
What is the hundreds digit of 2194621?
6
What is the millions digit of 102135791?
2
What is the tens digit of 129445041?
4
What is the thousands digit of 1523839493?
9
What is the ten millions digit of 1240781353?
4
What is the ten millions digit of 741773327?
4
What is the hundred millions digit of 2272634703?
2
What is the millions digit of 266129443?
6
What is the hundred millions digit of 2714043879?
7
What is the hundreds digit of 642912113?
1
What is the hundred thousands digit of 103093482?
0
What is the tens digit of 59242657?
5
What is the millions digit of 1815383356?
5
What is the ten millions digit of 45085798?
4
What is the hundreds digit of 457335?
3
What is the thousands digit of 2129222795?
2
What is the tens digit of 329864932?
3
What is the thousands digit of 187170671?
0
What is the ten thousands digit of 856633009?
3
What is the ten millions digit of 186102948?
8
What is the ten thousands digit of 33078058?
7
What is the thousands digit of 1145423?
5
What is the tens digit of 445153531?
3
What is the hundreds digit of 66513966?
9
What is the units digit of 74537654?
4
What is the hundred thousands digit of 27009446?
0
What is the ten thousands digit of 796021863?
2
What is the thousands digit of 410862103?
2
What is the thousands digit of 367014429?
4
What is the tens digit of 63593678?
7
What is the units digit of 3119683263?
3
What is the millions digit of 383962091?
3
What is the ten millions digit of 114444420?
1
What is the hundred thousands digit of 103229873?
2
What is the ten millions digit of 82813801?
8
What is the thousands digit of 2474484722?
4
What is the ten millions digit of 772219095?
7
What is the thousands digit of 384917694?
7
What is the hundred thousands digit of 57418629?
4
What is the tens digit of 54668003?
0
What is the thousands digit of 53468534?
8
What is the ten millions digit of 936087212?
3
What is the tens digit of 195513877?
7
What is the tens digit of 477318834?
3
What is the tens digit of 319208469?
6
What is the thousands digit of 213710846?
0
What is the millions digit of 914401234?
4
What is the hundreds digit of 64638878?
8
What is the tens digit of 43462996?
9
What is the thousands digit of 79069611?
9
What is the hundred millions digit of 251921337?
2
What is the ten thousands digit of 74780238?
8
What is the billions digit of 2066541586?
2
What is the units digit of 5715548251?
1
What is the ten millions digit of 57935420?
5
What is the units digit of 238149653?
3
What is the units digit of 26969043?
3
What is the units digit of 67843058?
8
What is the hundred millions digit of 476562545?
4
What is the millions digit of 7470010354?
0
What is the units digit of 50294884?
4
What is the millions digit of 180035259?
0
What is the ten millions digit of 77868243?
7
What is the ten thousands digit of 2773374545?
7
What is the tens digit of 112006487?
8
What is the hundred millions digit of 155004634?
1
What is the ten millions digit of 24547987?
2
What is the billions digit of 2098538961?
2
What is the ten millions digit of 136011541?
3
What is the ten millions digit of 35607211?
3
What is the ten millions digit of 589160338?
8
What is the hundred thousands digit of 2915493300?
4
What is the thousands digit of 85088662?
8
What is the hundred millions digit of 436084934?
4
What is the hundred millions digit of 1648620964?
6
What is the billions digit of 5451317811?
5
What is the thousands digit of 125428497?
8
What is the millions digit of 20042280?
0
What is the units digit of 37204367?
7
What is the units digit of 39734859?
9
What is the ten thousands digit of 2897341729?
4
What is the ten millions digit of 32681101?
3
What is the hundred thousands digit of 283249853?
2
What is the ten thousands digit of 323752862?
5
What is the thousands digit of 3277817289?
7
What is the ten millions digit of 203743367?
0
What is the tens digit of 40468639?
3
What is the hundred thousands digit of 217092780?
0
What is the ten millions digit of 72536697?
7
What is the millions digit of 53264452?
3
What is the thousands digit of 27529509?
9
What is the thousands digit of 41723135?
3
What is the units digit of 394558658?
8
What is the millions digit of 176316269?
6
What is the tens digit of 1163157714?
1
What is the billions digit of 3695617882?
3
What is the ten millions digit of 236147669?
3
What is the ten millions digit of 4155910403?
5
What is the ten millions digit of 971498824?
7
What is the units digit of 2351342840?
0
What is the tens digit of 2188030694?
9
What is the billions digit of 5212640623?
5
What is the ten millions digit of 3131464224?
3
What is the ten millions digit of 3657412623?
5
What is the units digit of 1921209987?
7
What is the ten millions digit of 72110770?
7
What is the ten thousands digit of 89980642?
8
What is the millions digit of 213387598?
3
What is the hundreds digit of 74515350?
3
What is the ten millions digit of 290410438?
9
What is the hundred millions digit of 1222604236?
2
What is the ten millions